5))/(w/(-15)) a composite number?
False
Let o = -79871 + 126472. Is o a prime number?
True
Let y = 359 - -6272. Is y composite?
True
Let p be ((-3)/6)/((-2)/(-28)). Is p/(-21)*(-7158)/(-2) prime?
True
Let x be (-14)/(-49) + 70110/7. Suppose -4*u - x = -0*u. Is u/(-10) - (-18)/30 composite?
False
Suppose 5*w - 50453 = 4*y + 11036, 24610 = 2*w + 2*y. Is w prime?
True
Let p = 31 - 31. Is (154 - p) + 5/(-1) a prime number?
True
Suppose 33*t - 292067 = -21170. Is t composite?
False
Let j(n) = n**3 + 8*n**2 + 5*n + 11. Let y be j(-8). Let a = y + 26. Is -4 + (5745/(-5))/a prime?
True
Let p be ((-22)/(-4))/(6/36). Suppose p = -h + 122. Is h prime?
True
Suppose 4 = p - 3*f, -4*f = 5*p - 13 - 7. Is (-7934)/(-4)*((p - 7) + 5) prime?
True
Let j(a) = -1145*a - 7. Is j(-10) composite?
False
Is 27484/(-10)*-1 - (-27)/45 prime?
True
Is -111955*(-5)/50*6 a composite number?
True
Let p be 0 + 53978/18 - (-18)/81. Suppose -z - p = -2*y - 2*y, 5*z - 2981 = -4*y. Is y a prime number?
False
Suppose -5*d - 2635 = -7425. Suppose 2*j - 2 = -8, d = b + 5*j. Is b a composite number?
True
Let a(c) = -18*c + 16. Is a(-9) prime?
False
Suppose 42*w = 47*w - 24895. Suppose r + 2*r = s + 4975, 2*s = 3*r - w. Is r prime?
True
Suppose 4*a + 0*v = 3*v + 160, -8 = 2*v. Suppose 35*j = a*j - 518. Is j prime?
False
Suppose 22*b - 1782 - 616 = 0. Is b composite?
False
Let k be -1*390/(-1 - -6). Let w = k - -343. Is w prime?
False
Let u(x) = x**3 + 17*x**2 - 4*x + 29. Let w be u(-17). Let l be ((-3)/2)/((-1)/18). Suppose -2*s - l = -w. Is s a prime number?
False
Suppose 2*t = t + 2*t. Suppose -6*v + 13349 + 3613 = t. Is v prime?
False
Let j be 2/(((-21)/6)/7). Is j + 4 - -182 - -3 a prime number?
False
Let m(f) = 2*f - 8. Let a be m(6). Let b(q) = 2*q**3 + q**2 - 2*q + 6. Let k be b(a). Suppose v - k - 165 = 0. Is v composite?
False
Suppose 2*f - 4*r = 18858, -f - 2*r + 9424 = -5*r. Is f prime?
True
Suppose 0*h + 459 = 3*h. Suppose 0 = -q - 2*q - h. Let a = q - -146. Is a a prime number?
False
Let a be 1 + 3 - 1519/(-1). Let x = a + -910. Is x prime?
True
Let m = -4694 + 7633. Is m prime?
True
Let t(f) = f**3 + 6*f**2 + 6*f + 1. Suppose 24 = -5*z + 9*z. Is t(z) prime?
False
Let b = 0 - 0. Let i be b + -1 - (-1 - 0). Suppose i = 4*k + 2*l - 1484, 0 = -2*k - 2*k - 4*l + 1484. Is k a prime number?
False
Let g(h) = -384*h + 199. Is g(-6) a composite number?
False
Let u = 20 + -20. Suppose o + u*o = 0. Suppose o*k - 301 = -k + 4*r, -3*k = -2*r - 883. Is k composite?
False
Let v(b) = 15*b**2 - 13*b + 51. Is v(13) composite?
False
Suppose -r + 309 = -110. Is r composite?
False
Suppose 8 = -2*l, 3*l - 2*l = -r + 1473. Suppose 12*o - r = 5*o. Is o a prime number?
True
Is (-23)/69*(-4 - -1) - -11401 a prime number?
False
Suppose -18*t = -22*t + 96284. Is t a prime number?
True
Let u(r) = -r**3 + 15*r**2 - r + 14. Is u(-7) prime?
False
Let q = -9 + 13. Suppose 5*k - 10 = 0, -k - k + 36 = q*i. Is 6/i - 903/(-28) prime?
False
Let b be 52/4 + 0/3. Let w = b - 9. Is w composite?
True
Let z(m) = 1161*m**2 + 4*m - 2. Let i be (-2)/(-2) - (3 + -3)/3. Is z(i) a composite number?
False
Let d(u) = 5*u**2 + 6*u + 6. Let i be d(-4). Let c = -9 + i. Is c a composite number?
False
Let j(o) = -2*o + 17. Let l be j(7). Suppose 0 = -3*i + 4*z + 26, -l*z - 16 = 2*i + z. Suppose 3*b + 2*m - 191 = -0*m, -i*b = 5*m - 109. Is b a prime number?
True
Suppose -3*y + 27 = 5*z, -z + 0 + 3 = 0. Suppose 0 = -2*m + y*m + 5*w - 3335, 0 = -3*m + 4*w + 4945. Is m prime?
False
Let x(s) = 29*s**2 - 22*s + 119. Is x(-36) a prime number?
False
Let v(w) = w**3 + 3. Let n be v(0). Suppose -2 = j - n. Suppose 3*d - 10 = -j. Is d composite?
False
Let i = -159 + 491. Suppose 5*d - d = i. Is d a prime number?
True
Let q = -455 + 814. Is q a composite number?
False
Suppose 0 = 5*t - 5*z - 78 + 18, -4*z + 71 = 3*t. Suppose -13*i + t*i + 44 = 0. Let f(j) = -j**3 - 9*j**2 + 15*j + 12. Is f(i) a composite number?
False
Suppose 0 = 6*a - 2*a - 2896. Let q = 1143 - a. Is q composite?
False
Suppose 0 = -s + 3*s - 18. Let z(m) = 38*m - 23 + s - 7. Is z(11) prime?
True
Let s be (-4 + 1)/((-1)/2). Let d(i) = 5*i**2 - 5*i + 7. Is d(s) prime?
True
Suppose 2*a + 3961 = 5*g, 5*g - 3*a + 455 = 4419. Is g composite?
True
Suppose 3507 = s + 4*t, 2*s + 4*t - 2*t = 6990. Is s a prime number?
True
Suppose 0 = -20*z + 25*z + 5. Let b(q) = 2646*q**2 + 2*q + 3. Is b(z) a prime number?
True
Let y(j) = 6*j**2 + 16*j - 33. Is y(9) prime?
False
Let u(y) = 455*y**2 + 18*y - 21. Is u(8) a prime number?
True
Suppose 3*v = 2*g - 668, -5*g + 2*v = 3*v - 1687. Suppose 3*s + 2*s - 669 = -2*l, l = -2*s + g. Is l a prime number?
True
Suppose 2*r - 180 = -3*r. Suppose -5*q = -4*a - 119, 2*a = -5*q + 4*a + 117. Let f = r + q. Is f composite?
False
Suppose 3*y - 166 = 458. Let q(r) = -65*r. Let j be q(1). Let b = y + j. Is b prime?
False
Suppose 5121 = 4*z - 3499. Suppose -f + a = -986, -3*f + z + 813 = -a. Is f a prime number?
True
Let f(j) = 520*j**3 - j**2 - 1. Let m be f(1). Let d = 729 - m. Is d prime?
True
Let y(d) = d. Let c be y(1). Let x(g) = 164*g**3 + 2*g**2 - g. Let r be x(c). Let s = r + -78. Is s prime?
False
Let t = -15 - -41. Let j = 27 - t. Is j + (-234)/(-2) + 3 a prime number?
False
Suppose -64661 = -8*b - 22477. Is b composite?
False
Suppose -3*r + 3 = k - 0, k = 3*r - 21. Let z(i) = 13*i**2 + 92*i + 52. Let j(q) = 3*q**2 + 23*q + 13. Let g(w) = -9*j(w) + 2*z(w). Is g(k) composite?
False
Let m(j) = -2303*j + 6. Is m(-1) a prime number?
True
Let f = 18 - 25. Let y = -2 - f. Suppose -84 = -y*j + j. Is j prime?
False
Suppose 23036 - 361 = 5*k + 3*z, 4*k = -3*z + 18140. Is k composite?
True
Let r be 1210 - (3 - 1)*2. Let v = r + -376. Let a = v - 295. Is a a prime number?
False
Suppose -5*k - 4762 = 3*h, 0 = -2*k - 2*k + h - 3813. Let u(r) = 80*r - 18. Let t be u(-8). Let l = t - k. Is l prime?
False
Is 13840/22 + 10/(-110) a prime number?
False
Suppose 2*a - 3 = 3. Suppose -a*p = -6*p. Suppose -x + 215 = 4*v, p = v + 2*x - 51 + 6. Is v composite?
True
Is (16 + 22)/((-10)/(-9235)) prime?
False
Suppose 0 = 193*u - 186*u - 175049. Is u a composite number?
True
Let p = -1020 + 1675. Is p a prime number?
False
Suppose 0 = s - 4*g - 13279, -2*g = -s + 17037 - 3752. Is s prime?
True
Suppose -7*r + 115 = -6*r. Suppose -r = 3*o + 215. Let h = 237 + o. Is h a composite number?
False
Suppose 67*t - 58*t - 62523 = 0. Is t a prime number?
True
Let n(s) = 278*s + 9. Suppose 5*f = -5*l + 110, -l = 2*f - 7 - 42. Suppose 0 = 5*g - 3*c - 31, 0*c - f = -5*g + c. Is n(g) a prime number?
True
Let f be 6 - (-3 + 0/(-5)). Suppose 4*c - f*t + 4*t = 4348, -t = -c + 1087. Is c a composite number?
False
Suppose 0 = -4*z + t + 19523, -5*z + 4*t = -10728 - 13673. Is z composite?
True
Let b(a) = -a**2 + 9*a - 20. Let w be b(7). Let q(o) = -3*o**3 - 8*o**2 - 5*o - 11. Is q(w) a prime number?
True
Suppose -2*x - 23 = -u, x + 3*x = u - 17. Suppose 0 = i + 4, -5*i - u = -3*n. Suppose -2*d - 41 = -5*l + 54, n*l - 57 = 2*d. Is l composite?
False
Let x(t) = 27*t**2 - 61*t - 27. Let d(b) = 7*b**2 - 15*b - 7. Let y(c) = 9*d(c) - 2*x(c). Is y(7) a prime number?
False
Suppose 0 = 5*z + 5 - 20. Is 1/((-4)/(-1564)) + z prime?
False
Let k(j) = -j**3 + 14*j**2 + 17*j - 6. Let o be k(15). Let t(g) = -o*g**3 + 11*g**2 + 3 + 10*g + 25*g**3 - 9. Is t(-8) composite?
True
Suppose -5*c - 307 = -j, 4*c = 5*j - c - 1575. Is j composite?
False
Let q(r) = 9*r**2 + 2*r - 5. Let m(y) = 19*y**2 + 5*y - 12. Let k(c) = -2*m(c) + 5*q(c). Let d(b) = 4*b - 1. Let u be d(1). Is k(u) a prime number?
False
Let z be (-7)/(7/139) + 3/(-1). Let r = 79 - z. Is r composite?
True
Let i(k) = -5*k + 18. Let d be i(3). Suppose 301 = d*l - 260. Is l prime?
False
Suppose 34647 = 14*f - 16915. Is f a composite number?
True
Let n = -1068 - -1946. Is n prime?
False
Let p = 0 - 3. Let y(x) = -3*x - 2. Let l be y(p). Suppose l*t - 5*t - 134 = 0. Is t prime?
True
Suppose h + 4*h - 15 = 0. Suppose -v = -0*v - h. Is 2*v/(-12)*-1262 prime?
True
Let g = -107419 - -184962. Is g prime?
True
Let t = 673 - 342. Is t prime?
True
Is 25990 - ((-4)/4 - -6) a composite number?
True
Suppose 2*h + 2 = 3*x - 12, 5*h = x - 35. Is 225 - h - (1 + -4) a prime number?
False
Let z = -7742 + 17799. Is z prime?
False
Let x(q) = q + 9. Let o be x(-10). Let c(z)